*q - 2*q. Calculate j(3).
7
Let h(v) = 5*v**2 + 5*v. Let r(l) = l. Let p(u) = -h(u) + 5*r(u). Suppose 2*a = 6*a + 18*a - 22. Give p(a).
-5
Let j(f) = -6*f**2 + 3*f + 4. Let u(d) = -11*d**2 + 6*d + 8. Let h be ((-1)/(-3))/(24/504). Let i(n) = h*j(n) - 4*u(n). Determine i(3).
5
Suppose -2*m + 40 = 33*c - 37*c, c + 4*m = -1. Let q(y) = y**2 + 10*y - 18. Give q(c).
-27
Let s(z) = 5*z + 95*z**3 - 96*z**3 - 10 - 13*z - 8*z**2. Let q be ((-2)/(-2))/(-1) + 0. Let c be -8 - 0 - q*1. Give s(c).
-3
Let b(r) = -2*r + 2. Suppose i = 4*z - 364, -4*i = -5*i. Let n = 130 - z. Let f = -37 + n. What is b(f)?
-2
Let u(h) be the first derivative of h**5/30 + h**4/8 + 55*h**3 - 88. Let j(a) be the third derivative of u(a). What is j(-3)?
-9
Suppose -64*w + 172 = 44. Let q(v) = 153*v - 102*v - 49*v + 3*v**w - 1. Let p be (2 - 0 - 0)/2. Determine q(p).
4
Suppose 86 = 7*j + 72. Let i = -19 + 19. Suppose 5*z + j*z + 63 = i. Let b(w) = -w**3 - 9*w**2 - 2*w - 8. What is b(z)?
10
Let u be 15 - ((-3)/(-8) - (203/(-56) + 4)). Let c(f) = 2*f**3 - 31*f**2 + 18*f - 49. Determine c(u).
-4
Let f(a) = 8*a**2 - 19*a - 9. Suppose -2*x = -4 + 8. Let l(r) = 3*r**2 - 9*r - 4. Let d(g) = x*f(g) + 5*l(g). What is d(-5)?
8
Suppose 49 = -15*s + 22*s. Let r be 375/105 + 3/s. Let t(f) = f**3 - 3*f**2 - f + 4. What is t(r)?
16
Let i(w) be the first derivative of 6*w**2 + 4*w + 1856. Determine i(-3).
-32
Let d(a) = a**3 + a**2 - a - 5. Let f be (-1 - 118)*(-1)/(7/6). Let z = f + -97. Suppose 4*w = -2*o - 20, z*o + 10 = 3*o - 2*w. Determine d(o).
-5
Suppose -3*z = 4*c + 13, 13*c + 6 = 11*c - 2*z. Let j(t) = -8*t**2 - 33*t - 2. Give j(c).
2
Let c(d) = 7*d**3 - d**2 - 8*d + 2. Let k(p) = -p**3 + 13*p + p**2 - 9 + 8 - 12*p. Let l(n) = c(n) + 6*k(n). What is l(-6)?
-28
Let y be (0 - 6)*(11/10)/11*-5. Let k(h) = -h**2 + h + 1. Let u(b) = b**3 - 8*b**2 + 2*b + 7. Let g(w) = -6*k(w) + u(w). Calculate g(y).
-2
Let n(u) = 3*u + 0*u - 4 + 5*u - 7*u. Let c be 22/8 + (9 - (-105)/(-12)). Give n(c).
-1
Suppose 0 = -43*d + 50*d + 7. Let m be ((-75)/30)/(d/2). Let u(s) = -s**2 + 6*s + 2. Determine u(m).
7
Let n(s) = -3*s**2 - 5*s + 3. Let v be 6/(5 - 2)*(-753)/6. Let q = v - -254. Calculate n(q).
-39
Let k(c) be the first derivative of c**3/3 + 5*c**2/2 - 4*c + 187. Let a(n) = -n**3 + 11*n**2 + 15*n - 18. Let f be a(12). Suppose -f = -i + 4*i. What is k(i)?
2
Let c(f) = f**3 - 2*f**2 + 6*f. Let a(v) = v**3 - v**2 + 7*v + 1. Let n(p) = -2*a(p) + 3*c(p). Suppose 0 = 14*s + 1 - 29. What is n(s)?
-2
Let x(c) = -3*c + 11. Let a be (-4)/(-6) - (-8)/6. Suppose -w = 3*f - 22, a*w - 44 = -5*f + 4*w. Give x(f).
-13
Let m(p) be the third derivative of -19*p**4/24 - p**3/6 + 3*p**2 + 104*p + 4. Determine m(6).
-115
Let l be (0 + -6)/(4*3/32). Let j(x) = x + 16. What is j(l)?
0
Let z(v) be the second derivative of v**5/20 + 7*v**4/12 + 11*v**3/6 + 5*v**2/2 + 7051*v. What is z(-5)?
0
Let y be (7/(-14) - 3)/((-1)/(-2)). Let m(z) be the second derivative of 0 + 3*z**2 + 1/2*z**4 + 6*z + 1/20*z**5 - z**3. What is m(y)?
-1
Let c(p) = p**3 + 5*p**2 + p - 9. Let l be (38/3)/((-8)/(-12)). Suppose l*k - k = -72. Give c(k).
3
Suppose a - 52 + 66 = 4*y, 32 = -4*a + 4*y. Let u(c) = 3*c + 6. What is u(a)?
-12
Let k(s) = s**2 + s + 1. Let x(z) = -3*z**2 - 8. Let t(g) = -4*k(g) - x(g). Let f = -368 - -362. Give t(f).
-8
Let t(j) = -j**2 - 4*j - 9. Let n be t(-6). Let c = n - -23. Let q(s) = 4. Let a(r) = r - 1. Let k(o) = c*q(o) + 2*a(o). What is k(-5)?
-4
Let w be (2/(-3))/(6/(-153)). Suppose -3*l + 0*u + w = -u, 3*u = 2*l - 9. Let x(t) be the first derivative of -t**4/4 + 2*t**3 + 4*t + 11. Determine x(l).
4
Let q = -235 + 220. Let v be q/4 + (2 - 35/28). Let m(a) = a**2 - 4. What is m(v)?
5
Let n(v) be the first derivative of -46 - 1/2*v**2 - 4*v + 1/3*v**3. Suppose 17 + 3 = -5*o. Calculate n(o).
16
Let c(l) = 58 - 129*l**3 - 158 + 212*l**3 - 14*l**2 - 84*l**3 - 21*l. Give c(-13).
4
Let f be ((-2)/5)/((-4)/24220*7). Let u = f - 347. Let b(p) = 13*p**3 + p**2 - 2*p - 2. Give b(u).
-12
Suppose -3*s + 8*s - 2*g = 21, -2*s = -3*g - 4. Let t(a) = 54*a - s + 6*a**2 + 2*a**2 + a**3 - 64*a. Suppose 0*d - 5*d - 45 = 0. Determine t(d).
4
Let x(y) = 4*y - 1. Let z be -4 - 30/(-9) - 4/(-6). Suppose z*i + 4*i - 16 = 0. Suppose i*k - w = 7, -5*w + w - 7 = 5*k. Calculate x(k).
3
Let z(h) = -21*h - 1. Let o(g) = 2*g**3 + g**2. Let y(v) = -7*v**3 - 7*v**2 - 3*v - 13. Let n(r) = 3*o(r) + y(r). Let f be n(-4). Give z(f).
20
Let j(y) be the first derivative of -y**3/3 - 2*y**2 + 3*y - 386. Let n(h) = 4*h + 5. Let p(g) = -g. Let r(q) = -n(q) - 6*p(q). Let w be r(0). What is j(w)?
-2
Let v(b) = 2*b - 2. Let j be (-11)/13 + 1 + 3553/143. Suppose -s = -2*d + 8, -5*s = 4*d - j - 5. Suppose -3 - 3 = s*o. Determine v(o).
-8
Let r(c) = 26*c + 411. Let i(o) = -o**3 + 18*o**2 - 9*o - 152. Let w be i(17). Calculate r(w).
-5
Let r(t) = t**3 + 5*t**2 + 24*t + 117. Suppose -5*z - 21 = 4*f + 39, -4*z = 4*f + 52. What is r(f)?
-3
Let x(v) be the first derivative of -v**4/4 + 5*v**3/3 + 5*v**2/2 - 8*v + 16. Suppose -q - 13 = -3*p, -3 = -4*p + 3*q + 6. What is x(p)?
-14
Let h be ((-1)/2)/((-8)/144). Suppose -3*w = 6, -14 = -4*x + 4*w - h*w. Let i(u) = u**2 - 7*u - 4. Determine i(x).
-10
Let f(p) be the second derivative of p**5/20 - p**4/12 + p**3/6 + p**2 - 1025*p. Suppose -2*h - 2 + 8 = 0, -5*g = -4*h + 22. Let k = 0 - g. Calculate f(k).
8
Suppose 0 = 24*x - 27*x + 435. Suppose 133 = -3*j + x. Let i(f) = f**3 - 5*f**2 + 5*f. Give i(j).
4
Let y(a) = a**3 - 3 - 43*a + 41*a + 10*a**2 - 4*a**2 - 9. Let w be ((-2)/4)/((-2)/(-24)). Determine y(w).
0
Let c(b) = -2*b**3 + 156*b**2 - 302*b - 175. Let w be c(76). Let x(h) = 3*h + 78. What is x(w)?
9
Let d be (2/(-18))/(3*((-327)/81 + 4)). Let s(o) = 27*o - 21. Determine s(d).
6
Suppose 1316 - 563 - 609 = -36*z. Let d(b) = 3*b**2 - 7*b - 44. What is d(z)?
32
Suppose 775 = 2548*j - 2393*j. Let o(k) = k**3 + 2*k + 6. Calculate o(j).
141
Let k(z) = 4*z - 13*z + z + 50 + 10*z. Give k(-21).
8
Let w(u) = 4*u**2 + 4*u + 7. Let i(s) = s**3 + 7*s**2 + 8*s + 13. Let j(f) = 4*i(f) - 7*w(f). Let a(q) = 3*q**2 + 53*q - 3838. Let x be a(28). Calculate j(x).
-37
Suppose -5*q - 9*t = -4*t - 170, q - 2*t - 43 = 0. Let n(l) = q - 19 - 25 - 4*l. Calculate n(-6).
17
Let r(q) = -3*q**3 + 16*q**3 + 16*q**3 - 20*q**2 - 42 - 30*q**3 - 38*q. Determine r(-18).
-6
Let j(s) be the second derivative of -s**3/6 + s**2 + 69*s. Let k be 1/4 + (-517)/(-44). Suppose -p - 13 = 4*x, 16 + k = -4*x - 4*p. What is j(x)?
4
Let l be (-16)/(-5) + ((-10)/25)/2. Let c be (-1)/((-9)/l*1/(-3)). Let o(m) = 2*m - 2. Let s(g) = -2*g + 3. Let h(f) = 4*o(f) + 3*s(f). Calculate h(c).
-1
Suppose 34*n = 3978 - 37672. Let x = -986 - n. Let v(k) = k**3 - 7*k**2 + 6*k - 2. Calculate v(x).
-22
Let n(v) = -9*v + 192. Let y(k) = -6*k + 191. Let u(j) = -4*n(j) + 5*y(j). Let p be u(-34). Let x(f) = -f**3 - 16*f**2 + 16*f - 17. Give x(p).
0
Suppose -4*y + 9*y = 40. Let r(b) = 672*b**2 - 4*b**3 + b + 2*b - 686*b**2. Let p(z) = -z**3 - z**2 - z + 1. Let k(j) = -5*p(j) + r(j). What is k(y)?
-5
Let d(z) = z**2 + 6*z - 4. Suppose -6*c = -1024 - 98. Suppose -6*j + 3*j = 4*p - c, 0 = p - 4. Let r = j - 62. Give d(r).
-9
Let v(j) = 16*j**2 - 5 + 22 + j**3 - 3 + 15 + 3*j**2 - 39*j. Calculate v(-21).
-34
Suppose 9297*i - 24 = 9289*i. Let s(b) = -b + 4. Let l(r) = r. Let t(u) = -2*l(u) - s(u). Give t(i).
-7
Let u be -13 + 18 + 3 + -5. Let f(t) be the third derivative of u*t**3 - 1/60*t**5 + 0*t**4 + 0 + 15*t**2 + 0*t. Determine f(0).
18
Suppose 3*n - 8*n + 160 = 0. Let h = -32 + n. Let s(c) = -10 + 2*c + h - 3*c + 0*c. Determine s(-9).
-1
Let i(b) be the first derivative of -29 - 1/2*b**2 - 7*b. Calculate i(8).
-15
Let z be (-408)/306*(-2)/8 + 8/3. Let c(p) be the second derivative of -1/20*p**5 + 0*p**2 + 0 - 6*p - 7/12*p**4 - p**z. Give c(-6).
0
Let t(s) = 151*s + 288 - 274 - 173*s. Give t(-2).
58
Let w = -1 + -2. Let s(a) = -8*a**3 - 3*a**2 + 5*a - 2. Let i be s(-4). Let x(f) = i*f + 3 + 3*f**2 - 443*f - 2 + 3 + f**3. Calculate x(w).
7
Let i = 108 - 106. Let s be (i/10)/(2/(-10)). Let n be (0 - -3)/(s + (-4)/8). Let t(w) = 4*w**3 + 2*w**2. Give t(n).
-24
Let t(h) = -2*h**2 - 34*h + 41. Suppose 28 = -29*c - 494. What is t(c)?
5
Let t(d) = -d**3 - d**2 - d + 7. Suppose 0 = o + 4*i - 6, 4*o + 5*i